+ 2/6. Suppose 19 = 5*b - j. Let t = 55 + -14. Calculate the remainder when t is divided by b.
13
What is the remainder when 67 is divided by (510/(-20))/((-3)/2)?
16
Suppose -2*b + 3*r + 50 = 0, 0 = 2*b - b + 3*r - 7. Let u = -19 - -12. What is the remainder when b is divided by (-2)/u - (-141)/21?
5
Let r = 122 + 21. Suppose 4 + r = 3*z. What is the remainder when z is divided by 17?
15
Let n be -2 + 1 + -1 + 14. Suppose -3*l + 0*l = -n. Suppose 23 = -l*g + 119. What is the remainder when g is divided by 13?
11
Suppose 12 = 5*h + 2*k, 4*k = h - 0*k + 2. Calculate the remainder when 28 is divided by h*(0 - -1) + 8.
8
Suppose 3*u - 4*p - 206 = 0, -4*u = u + 5*p - 355. Suppose -5*g + 15 = -u. Calculate the remainder when g is divided by 6.
5
Suppose -5*v + 8*v + 3*z - 21 = 0, -2*v + 5*z = -42. Calculate the remainder when 71/1 - (v + -9) is divided by 18.
15
Suppose 7*z - 6 = 4*z. Suppose z*w - 73 - 39 = 0. Let d = 36 - 17. What is the remainder when w is divided by d?
18
Suppose -6 + 3 = -x. Suppose x*l - 4*g - 76 = -27, -5*l + 67 = -3*g. Suppose -9 = -z - 3. What is the remainder when l is divided by z?
5
Suppose -35 = -2*z + 3*l, 5*l = -4*z + 2*z + 43. Let x = 3 + 2. Calculate the remainder when z is divided by x.
4
Let v(h) = 3*h**2 + 8*h + 6. What is the remainder when v(-5) is divided by 11?
8
Let s(k) = 5*k + 12. Calculate the remainder when 22 is divided by s(0).
10
Suppose 14*k - 10*k = 48. What is the remainder when 44 is divided by k?
8
What is the remainder when 52 is divided by 3 + (-7 + 6)/((-2)/16)?
8
Suppose 2*m - 18 = 2*z, 4*m - 3*z - 16 = 16. Calculate the remainder when 23 is divided by m.
3
Let k(f) = -f + 2. Let j be k(11). Let g = 4 - j. What is the remainder when 37 is divided by g?
11
Let b = 13 + -21. Let l be (5/(-20))/(2/b). Calculate the remainder when 44 is divided by (-2 - (-2 - l))*15.
14
Let s(i) = 3*i. Let k be s(1). Suppose -k*j + 12 = -2*j. What is the remainder when j is divided by 5?
2
Suppose 2*t - 10 = -4*u + u, -4*t + 3*u = -20. What is the remainder when 11 is divided by t?
1
Suppose -10*m = -2*m - 648. What is the remainder when m is divided by 14?
11
Let n = -164 + 239. Calculate the remainder when n is divided by 20.
15
Suppose -2*y = 3*h - 6, -4*h = -2*h + 4. Calculate the remainder when 25 is divided by (3 + y)/(2 - 1).
7
Let y = -28 - -33. Let z be 1*0*(-1)/(-1). Suppose y*h + 25 = z, u - 4*h - h - 48 = 0. What is the remainder when u is divided by 12?
11
Let p = -6 - -11. Let i = 12 - p. What is the remainder when 19 is divided by i?
5
Let o be 2*(-6 + (1 - -1)). Let p = -63 - -101. Calculate the remainder when p is divided by o/44 - 145/(-11).
12
Let i(k) = 2*k. Suppose 0 = 2*w - u - 92, -u + 96 = -3*w + 5*w. Calculate the remainder when w is divided by i(6).
11
Let t be 52/14 - 10/(-35). Let g = t - 3. What is the remainder when 20 is divided by (-1)/(g - 36/33)?
9
Let a = 55 + -87. Suppose -4*g + 3*s + 17 = -5*g, -4*s = -8. Let n = g - a. Calculate the remainder when n is divided by 5.
4
Let b(d) = 36*d**2 - 1. Let f = 2 - 1. Let u be b(f). Calculate the remainder when 20 is divided by 2/(-3) - u/(-3).
9
Let w(h) = 17*h + 8. Calculate the remainder when w(3) is divided by 6.
5
Calculate the remainder when (7 + 5)*(-28)/(-4) is divided by 22.
18
Suppose -2*l = l - 6. Let i(k) = 2*k**3 - 2*k**2 - 2*k + 2. What is the remainder when 23 is divided by i(l)?
5
Let q(z) = 16 + 7*z**2 + 9*z + 6*z**2 - 25*z - z**3. Let g be q(11). Suppose u = 3*u - g. What is the remainder when u is divided by 14?
13
Let v(r) be the first derivative of -7*r**2/2 + 2*r - 5. What is the remainder when 87 is divided by v(-4)?
27
Let q(x) = 17*x**3 + x**2 + 2*x - 1. What is the remainder when 74 is divided by q(1)?
17
Suppose -46 = -7*q + 143. What is the remainder when 159 is divided by q?
24
Suppose -50 = 2*r - 4*r. Calculate the remainder when r is divided by 14.
11
Let u be 2*-2*(74 - 3). Suppose -4*r - 48 = -0*r. Calculate the remainder when u/r + 2/(-3) is divided by 12.
11
Suppose 2*w = w. Suppose w = -2*u - u + 9. Let q = 5 - u. Calculate the remainder when 5 is divided by q.
1
Let x(j) = 39*j + 4. Calculate the remainder when x(1) is divided by 15.
13
Calculate the remainder when (-180)/5*(-2)/4 is divided by 7.
4
Suppose -s - 38 = -3*s - y, -2*y - 19 = -s. Suppose 10 = -f + 6*f. Suppose -f*h = -5*h + 165. Calculate the remainder when h is divided by s.
17
Let l(f) = -f**3 + 6*f**2 + f - 11. What is the remainder when l(5) is divided by 6?
1
Let r = 19 + -11. Suppose j - r = -j. What is the remainder when j is divided by (-1 + (-9)/6)*24/(-30)?
0
Let b(v) = -4*v**3 + v**2 + 3*v - 4. Let m(g) = 5*g**3 - g**2 - 3*g + 4. Let z(o) = -4*b(o) - 3*m(o). What is the remainder when 25 is divided by z(3)?
12
Let j = -17 - -28. Suppose 5*g - 14 = j. Let u = 11 + -8. Calculate the remainder when g is divided by u.
2
Calculate the remainder when 130 - (-2 - -5) - -3 is divided by 44.
42
Let f(h) = h + 1. Calculate the remainder when (-9)/6*(-68)/6 is divided by f(5).
5
Let j = 20 - 3. What is the remainder when 48 is divided by j?
14
Let v(y) = -y**3 + 6*y**2 - 2*y - 4. Let c(b) = b**3 + b**2 - 1. Let s(m) = 3*c(m) - v(m). What is the remainder when s(2) is divided by 9?
7
Let u(s) = s - 1. Let o be u(4). Suppose 3*g + 2*k = 145, -4*k - 25 = -o*g + 2*g. What is the remainder when g is divided by 12?
9
Suppose -3*o + 653 = 3*v + o, -5*o + 872 = 4*v. What is the remainder when v is divided by 45?
43
Let q = 50 - 21. Let d = -20 + q. What is the remainder when d is divided by 4?
1
Let s be 25 - -2 - 3/(-1). What is the remainder when 80/s*(-198)/(-8) is divided by 17?
15
Let t = 57 + -36. Let x = -141 - -153. What is the remainder when t is divided by x?
9
Let f(b) = b + 18. Let m be f(-12). Calculate the remainder when 2 is divided by 3/(0 + 9/m).
0
Let m(l) = -l**3 - 5*l**2 + 2*l - 3. Suppose 0*v - 28 = 5*v - 2*q, -11 = 2*v - q. Calculate the remainder when m(v) is divided by (77/14)/((-1)/(-2)).
10
Suppose -2*o = -2, -45 = -4*i - 5*o - 0*o. Let c(g) = 5*g - 4*g + 2 - 3 - 2. What is the remainder when c(i) is divided by 2?
1
Calculate the remainder when (3 + 2)/(-2 - 60/(-28)) is divided by 9.
8
Suppose s + 110 = 5*z + 5*s, -s = 0. What is the remainder when 2 + z + (-2)/1 is divided by (3 + -1)*(-4 + (-6 - -14))?
6
Let c(p) = 5*p**2 + 13*p - 11. Let z(m) = 11*m**2 + 27*m - 23. Let f(y) = -13*c(y) + 6*z(y). What is the remainder when 14 is divided by f(7)?
4
Suppose -4*x + 3*r + 28 = 2*r, 0 = 5*x - 2*r - 35. Suppose 5*b - 24 = 36. Calculate the remainder when b is divided by x.
5
Suppose 0 = -3*p - 3*a + 45, 3*p - 4 = 2*a + 21. Calculate the remainder when 31 is divided by p.
9
Suppose 2*i + 16 = 6*i. Let a = 7 - i. Suppose -3*p + 0 = b - 42, -9 = a*b. Calculate the remainder when p is divided by 8.
7
Let t = -67 - -107. What is the remainder when t is divided by 21?
19
Suppose -13*g + 1531 = 361. Calculate the remainder when g is divided by 31.
28
Calculate the remainder when 6*(91/6 - 2/3) is divided by 18.
15
Let j be 14/(-49) + (-37)/(-7). Suppose 0 = -5*l - 5*m + 140, -m + 0*m - 110 = -j*l. What is the remainder when l is divided by 8?
7
Let x = 51 + -23. Suppose 10 = 2*v - 30. Suppose -m = -3*m + v. Calculate the remainder when x is divided by m.
8
Let v = 115 + 247. Suppose 4*y - v = 66. Suppose -3*n = -5*l - y, l + 93 = 3*n - 22. Calculate the remainder when n is divided by 14.
11
Let u be -2*(116/(-8) - 3). Suppose 111 = 2*v + v - p, -v = -p - u. Calculate the remainder when v is divided by 20.
18
Let r(a) be the second derivative of -a**4/24 - a**3/2 + a**2 - 3*a. Let m(i) be the first derivative of r(i). What is the remainder when 6 is divided by m(-7)?
2
Suppose -62 = -2*g - 6. Suppose 0 = -4*v + 39 - 15. What is the remainder when g is divided by v?
4
Calculate the remainder when 102 is divided by ((-20)/6)/((-6)/63).
32
Suppose 2*o + c = 54, 5*o - 13*c = -14*c + 141. Calculate the remainder when o is divided by (-31)/(-4) + 2/8.
5
What is the remainder when 31 + 3 + (0 - 0) is divided by 9?
7
Suppose -4*n + 5 = -d + 22, 0 = d - 2*n - 27. Suppose -4*f + d + 3 = 0. Let c(u) = -2*u**2 + 22*u + 8. What is the remainder when c(10) is divided by f?
8
Suppose a + 95 = 5*a - x, 3*a - 65 = 2*x. Suppose -m + 86 = -4*o, 